2 - 21*c + 1. Calculate the remainder when y(9) is divided by 47.
8
Suppose -241*l = -1797 - 3023. Calculate the remainder when 1118 is divided by l.
18
Suppose -83*s - 20 = -87*s, 3*s = z - 106. What is the remainder when 1210 is divided by z?
0
Suppose 5*q = q, 3*h = -2*q + 24. Let d be (-7 - h)/(0 + (-3)/2). Suppose d = 4*z + 2, 0 = 2*o - 2*z - 172. What is the remainder when o is divided by 24?
16
Let h = 11764 + -11729. Calculate the remainder when 331 is divided by h.
16
Let w(i) = -6*i + 2. Let z(m) = 4*m + 10. Let u be z(16). Suppose -99*y + u*y + 350 = 0. What is the remainder when w(-4) is divided by y?
12
Calculate the remainder when 1656 is divided by ((-4)/50)/((-61)/1525).
0
Let k = -6069 + 11096. Calculate the remainder when k is divided by 107.
105
Let j(k) = k**2 - 68*k + 1289. Calculate the remainder when j(19) is divided by 119.
1
Suppose 11*s = 14*s - 45. Suppose 19*p + 8 = 21*p. Suppose 5*u = -3*n + 109 + 249, 0 = u - p*n - 90. Calculate the remainder when u is divided by s.
14
Suppose -21 - 27 = -r. Calculate the remainder when 151 is divided by (-4)/(-7)*3192/r.
37
Suppose -5*r - 85 = -190. Let h(j) = -7*j + 41. Let d(f) = -6*f + 41. Let c(z) = -5*d(z) + 4*h(z). What is the remainder when 4 is divided by c(r)?
0
Let r(t) be the third derivative of -1/60*t**5 + 0 + 1/3*t**4 - 1/2*t**3 - 7*t**2 + 0*t. Calculate the remainder when r(6) is divided by 6.
3
Let p(r) = 10*r**3 + 2*r**2 + 8*r + 1. Let s(d) = -d**3. Let k(x) = -p(x) - s(x). What is the remainder when k(-3) is divided by 25?
23
Suppose 3913 = 3*h - 2*a, 54*h - 3*a = 56*h - 2639. What is the remainder when 3937 is divided by h?
10
Let g(c) be the third derivative of c**4/6 + 7*c**3/3 + 2*c**2 - 22. Calculate the remainder when 63 is divided by g(5).
29
Let s(a) = 53*a**3 + 2*a**2 + 3*a - 14. Let t be s(2). Suppose -42*c + t = -34*c. What is the remainder when c is divided by 29?
24
Suppose 5*c + 4*v - 6*v = 407, 10*c - v = 811. Calculate the remainder when c is divided by 34.
13
Suppose 0 = -5*n + 9*n - 440. Suppose 5*t = -5*t + n. Let a(g) = -13*g - 17. What is the remainder when a(-7) is divided by t?
8
Suppose 129*f - 1260 = 5319. What is the remainder when f is divided by (-4)/(-14) + 96/7?
9
Suppose -7*a + m = -6020, 0 = -37*a + 38*a + 2*m - 875. What is the remainder when a is divided by 282?
15
Suppose -6*f = -20*f - 1288. Let n = 97 + f. Suppose p - c - 2*c = 18, -5*p = n*c - 70. What is the remainder when p is divided by 7?
1
Let z(k) = 5*k**2 + 4*k - 4. What is the remainder when z(-4) is divided by (-28390)/(-1700) - 3/(-10)?
9
What is the remainder when 553 is divided by (-221*(-9)/27)/1 - (-2)/(-3)?
42
Let q(l) = l**2 - l - 8. Let m = -45813 - -45918. Calculate the remainder when m is divided by q(6).
17
Let i = -6815 - -6868. What is the remainder when (-2)/(3*6/(-1971)) is divided by i?
7
Let h(u) = -24*u + 579. Calculate the remainder when h(24) is divided by 2.
1
Suppose 3*u + 0*u = 6. Suppose -2*q = -4, u*q = 5*m + 3*q - 7. Calculate the remainder when 33 is divided by (2 + 10)*m - 3.
6
Let w = 5222 - 5121. Calculate the remainder when 373 is divided by w.
70
Suppose -9 - 1 = -j + 7. Calculate the remainder when 7615 is divided by j.
16
Let q be ((-5 - -2) + -4 + 8)*-5. Let d(y) = -y**3 - 3*y**2 + 3*y + 10. Suppose 5*f - 671 = 224. Calculate the remainder when f is divided by d(q).
44
Let z(f) = f**3 + 8*f**2 - 20*f + 3. Let d(g) = -1 + g**3 + 14*g**2 + 0 - 9 + 3*g + 9*g. Calculate the remainder when z(-10) is divided by d(-13).
0
Let w(z) = -140*z + 30. Suppose -8 = 5*m + 9*r - 6*r, 0 = -3*r - 3. Calculate the remainder when w(m) is divided by 29.
25
Let d(g) = 5*g + 3 - 4*g + 24 + g**2 + 5*g. Let m be d(-6). Let p = m - 7. Calculate the remainder when p is divided by 7.
6
Suppose -10*w + 3*w = -k + 244, -5*k + 1331 = 2*w. What is the remainder when k is divided by 173?
92
Let z(m) = -2*m**3 - 26*m**2 + m - 4. Let q be z(-13). Let s(t) = 2*t**3 + 36*t**2 + 18*t - 42. What is the remainder when s(q) is divided by 21?
20
Let t = 52 - 18. Let f be (-2 - -4)*((-27)/(-6) + -2). Let b(m) = m**3 - 2*m**2 + 5*m. Calculate the remainder when b(f) is divided by t.
32
Let y = 174 - 180. What is the remainder when ((-18)/y)/(2/186) is divided by 47?
44
Let p(d) = -582*d + 7602. Calculate the remainder when 463 is divided by p(13).
31
Let z(x) = x**2 - 8*x + 4. Let b be z(3). Let c = b - -7. Calculate the remainder when 83 is divided by (-474)/(-39) - c/(-26).
11
Suppose -11*f - 37*f + 1691 = 395. Let p = -11 - -17. Calculate the remainder when f is divided by p.
3
Let z(c) = -302 + 528 - c**2 - 279 + 20*c. What is the remainder when z(16) is divided by 5?
1
Suppose 7287 = 4*k - 3*q, -28 = -11*q + 7*q. Calculate the remainder when k is divided by 454.
11
Let f(c) = -356*c + 1799. What is the remainder when 5052 is divided by f(5)?
17
Let w(p) = -37*p**2 - 620*p + 5. Calculate the remainder when w(-11) is divided by 16.
12
Suppose -5*m = 2*s - 59, 52*s = 55*s - m - 97. Calculate the remainder when s is divided by 9.
5
Let o(z) = z**3 + 6*z**2 - 2*z - 5. Let m = 31800 - 31789. What is the remainder when m is divided by o(-6)?
4
Suppose 22 = 4*x - 70. Let c be 6/(-51) - 44760/(-136). Suppose 5*h = 3*l - c, 7*l = 4*l - 4*h + 347. What is the remainder when l is divided by x?
21
Suppose -q - 4*j - 5768 + 22774 = 0, 4*q - j - 67990 = 0. What is the remainder when q is divided by 191?
190
Suppose 106*v = 100*v - 1176. Let g = -120 - v. Calculate the remainder when g is divided by 41.
35
Suppose 2*g - 3857 = w, 1315 - 5167 = -2*g - 4*w. What is the remainder when g is divided by 10?
8
Suppose -22*w = -4*a - 3000, -9*w + 2*a - 404 = -12*w. What is the remainder when w is divided by 18?
10
What is the remainder when (-4 + 4)/13 - -1524 is divided by 196?
152
Suppose 26*f = -f + 13716. Let m = f - 394. Calculate the remainder when m is divided by 13.
10
Calculate the remainder when (65/35)/(70/945210) is divided by 44.
41
Suppose -670*l + 17 = 3*g - 668*l, 2*l - 39 = -5*g. Calculate the remainder when 1 + -1 + 29/1 is divided by g.
7
What is the remainder when (-4182)/136*(-276)/9 is divided by 300?
43
Let d be ((-4)/10)/((-2)/10). Suppose -3*m + 5*x = 53, -m + d*m + 2*x = -36. Let z(n) = 2*n**2 + 49*n - 59. What is the remainder when 55 is divided by z(m)?
17
Suppose 2*s = 3*r - 6*r - 59, -3*r + 111 = -3*s. Let x = s - -37. Suppose q = 19 - x. What is the remainder when 41 is divided by q?
9
Suppose 11*n + 76*n - 30424 = 5159. Calculate the remainder when n is divided by 32.
25
Suppose 0 = -2*a + 6*c + 6*c + 84, -2*a + 50 = 5*c. Calculate the remainder when 265 is divided by a.
25
Let m(j) = 106*j + 12258. What is the remainder when 1017 is divided by m(-111)?
33
Let u = 817 - 274. What is the remainder when u is divided by (-23 - -68) + (-12)/4?
39
Let f = 15492 - 15481. What is the remainder when 530 is divided by f?
2
Calculate the remainder when (12*(-5)/75)/(-2 + 4)*-245 is divided by 49.
0
Suppose 0 = -8*s - 18 + 106. Suppose -s*c = 32*c - 1290. Suppose -3*a = -8*a + 425. What is the remainder when a is divided by c?
25
Suppose 4*j + 8*j = 0. Suppose 3*a = -12, -5*t + 2*a + 193 = -j*a. Let b = 2 + t. Calculate the remainder when b is divided by 7.
4
Let f = 18 + -4. Calculate the remainder when (-6)/10 + 10854/90 is divided by f.
8
Suppose -3*t + 144 = -84. Suppose -2*u - t = -4*q - 16, 4 = q + 5*u. Suppose h - 6 = -2*a - 0*h, -2*a + q = 5*h. What is the remainder when a is divided by 1?
0
Suppose 2*h = 5*z - 0*h - 295, 5*h = 25. Calculate the remainder when z is divided by 10/(8*1*4/16).
1
Let d(q) = -2*q**2 - 160*q + 526. Calculate the remainder when 938 is divided by d(-83).
14
Calculate the remainder when (9097/22)/((-2)/24*-6) is divided by 93.
83
Let f = 48 + -43. Let v be f*(-44)/12*-3. Suppose v*q + 555 = 60*q. Calculate the remainder when q is divided by 19.
16
Let y = 71 + -105. Let m = -28 - y. What is the remainder when (-2 - (-20)/m)/(2/120) is divided by 42?
38
Let y = 832 + -820. Calculate the remainder when 671 is divided by 12/((y - 7)/5).
11
Suppose -131*z + 133*z + 10 = 0, d - 72 = -5*z. Calculate the remainder when 149 is divided by d.
52
Let m be (-12)/66 + (-122072)/(-88). Let w = m + -966. Calculate the remainder when w is divided by 8